{"id":15,"date":"2020-06-22T08:42:40","date_gmt":"2020-06-22T08:42:40","guid":{"rendered":"https:\/\/optiriser.com\/?page_id=15"},"modified":"2024-12-03T16:03:34","modified_gmt":"2024-12-03T16:03:34","slug":"contactez-nous","status":"publish","type":"page","link":"https:\/\/optiriser.com\/?page_id=15","title":{"rendered":"Contactez-nous"},"content":{"rendered":"<div class=\"brz-root__container brz-reset-all\">\n<section id=\"avgruhpjhmwrthqalrbsqsiucikjxhwrwfir\" class=\"brz-section brz-css-eXGlT\">\n<div class=\"brz-section__content brz-section--boxed brz-css-bZiH1 brz-css-v_720\" data-brz-custom-id=\"xeoeubtvowvrcykhmfescjixdylpxhqcrlog\">\n<div class=\"brz-bg\">\n<div class=\"brz-bg-color\"><\/div>\n<\/div>\n<div class=\"brz-container brz-css-jrtHi\">\n<div class=\"brz-row__container brz-css-xxnIC\" data-brz-custom-id=\"vwdrdbocjkpejxruxxioltuaisncwakhayjp\">\n<div class=\"brz-bg\"><\/div>\n<div class=\"brz-row brz-css-wY05A\">\n<div class=\"brz-columns brz-css-o9sBw brz-css-ftKDU\" data-brz-custom-id=\"wccxsugjozdyitttzfqlgozbkiilcnynkewi\">\n<div class=\"brz-bg\"><\/div>\n<div class=\"brz-column__items brz-css-d5IAJ\"><\/div>\n<\/div>\n<div class=\"brz-columns brz-css-o9sBw brz-css-wGUYL\" data-brz-custom-id=\"ywcqkbrddjycaosnmdjmzbqbszopijstrvzf\">\n<div class=\"brz-bg\"><\/div>\n<div class=\"brz-column__items brz-css-d5IAJ\">\n<div id data-brz-iteration-count=\"1\" class=\"brz-css-bho4e brz-wrapper brz-animated brz-css-rZHhc brz-css-cIYZd\" data-animationid=\"pxmhvccswhhtdxfgyvpyameidynuppmlxprf\">\n<div class=\"brz-image brz-css-v9ns5 brz-css-uoToU\" data-brz-custom-id=\"riypsigwfydxjdqfedmsctinrraffggsmoqu\"><img decoding=\"async\" class=\"brz-img\" src=\"https:\/\/optiriser.com\/wp-content\/uploads\/2024\/01\/lnk-300x223.png\" alt=\"\" loading=\"lazy\"><\/div>\n<\/div>\n<\/div>\n<\/div>\n<div class=\"brz-columns brz-css-o9sBw brz-css-osQej\" data-brz-custom-id=\"cckqpqnxlccobkkofjvnnmjkrzhotdxttnsb\">\n<div class=\"brz-bg\"><\/div>\n<div class=\"brz-column__items brz-css-d5IAJ\"><\/div>\n<\/div>\n<\/div>\n<\/div>\n<div class=\"brz-row__container brz-css-xxnIC brz-css-orIuB\" data-brz-custom-id=\"ozltmixuyznxbwhakkxsoyppjicobsjcjshp\">\n<div class=\"brz-bg\"><\/div>\n<div class=\"brz-row brz-css-wY05A brz-css-r5ERD\">\n<div class=\"brz-columns brz-css-o9sBw brz-css-k4dUL\" data-brz-custom-id=\"vdhmpjcwbrifcrbmaobwoeicqwphmrtdfaeb\">\n<div class=\"brz-bg\"><\/div>\n<div class=\"brz-column__items brz-css-d5IAJ brz-css-btZA8\">\n<div id data-brz-iteration-count=\"1\" class=\"brz-css-bho4e brz-css-uSoih brz-wrapper brz-animated brz-css-yQlHJ brz-css-hBQME\" data-animationid=\"brlrvdymocyoxlcngekwwdiygojobvvtykqn\">\n<div class=\"brz-icon-text brz-css-wglrH\" data-brz-custom-id=\"ioedaqjconhvnsowqzxkhuwawpadloljxwbf\">\n<div class=\"brz-icon__container\" data-brz-custom-id=\"lcymyxiloeuztjhncjuhdyngsrbjtpiokmiw\"><span class=\"brz-icon brz-span brz-css-qUBOY brz-css-ltmJ9\"><\/span><\/div>\n<div class=\"brz-text-btn\">\n<div class=\"brz-rich-text brz-rich-text__custom brz-css-rwHyf\" data-brz-custom-id=\"xymdeyjbaelprgyzmgyhcfydtriurfnqajls\">\n<div data-brz-translate-text=\"1\">\n<h4 class=\"brz-tp-lg-heading4 brz-mb-lg-0 brz-css-s6dRy\" data-generated-css=\"brz-css-drdxb\" data-uniq-id=\"ttgxw\"><span>T\u00e9l\u00e9phone<\/span><\/h4>\n<p class=\"brz-tp-lg-paragraph brz-css-fan8s\" data-generated-css=\"brz-css-buhvx\" data-uniq-id=\"dnmuw\"><span>+212 6 88 29 38 44<\/span><\/p>\n<\/div>\n<\/div>\n<\/div>\n<\/div>\n<\/div>\n<div id class=\"brz-css-bho4e brz-css-qSIKp brz-css-xoFKl brz-wrapper\">\n<div class=\"brz-spacer brz-css-y5f3z brz-css-mrJMw\"><\/div>\n<\/div>\n<div id data-brz-iteration-count=\"1\" class=\"brz-css-bho4e brz-css-rpvJY brz-wrapper brz-animated brz-css-kv5MZ brz-css-yhqOy\" data-animationid=\"lvbwtxjmqeukjxkicmbldxomacakfrxqwfrz\">\n<div class=\"brz-icon-text brz-css-wglrH\" data-brz-custom-id=\"atayehgkorjpshyabvafkvvdnukwyrpxcckv\">\n<div class=\"brz-icon__container\" data-brz-custom-id=\"dcxrzkawfxhojzmonefigdjvetzzpkbtelsb\"><span class=\"brz-icon brz-span brz-css-qUBOY brz-css-f4tam\"><\/span><\/div>\n<div class=\"brz-text-btn\">\n<div class=\"brz-rich-text brz-rich-text__custom brz-css-rwHyf\" data-brz-custom-id=\"wbhnbzvwcgjyqwkokvflnyqusqkguxgxfrnk\">\n<div data-brz-translate-text=\"1\">\n<h4 class=\"brz-mb-lg-0 brz-tp-lg-heading4 brz-css-jjbCM\" data-generated-css=\"brz-css-eccpy\" data-uniq-id=\"fayfk\"><span>Adresse<\/span><\/h4>\n<p class=\"brz-tp-lg-paragraph brz-css-eVbhq\" data-generated-css=\"brz-css-iixtm\" data-uniq-id=\"lwwpd\"><span>Mohammedia, Maroc.<\/span><\/p>\n<\/div>\n<\/div>\n<\/div>\n<\/div>\n<\/div>\n<div id class=\"brz-css-bho4e brz-css-qSIKp brz-css-sv19N brz-wrapper\">\n<div class=\"brz-spacer brz-css-y5f3z brz-css-uGkxW\"><\/div>\n<\/div>\n<div class=\"brz-row__container brz-css-xxnIC\" data-brz-custom-id=\"kmayzuqeeumykvurunahauvgpxrwpttttdsm\">\n<div class=\"brz-bg\"><\/div>\n<div class=\"brz-row brz-row--inner brz-css-wY05A brz-css-r5ERD\">\n<div data-brz-iteration-count=\"1\" class=\"brz-columns brz-css-o9sBw brz-css-zjHpL brz-animated brz-css-kiUz5 brz-css-a2LmH\" data-brz-custom-id=\"ujffnowtsymhlllxwbgezbnjuxfkafrghzvg\">\n<div class=\"brz-bg\"><\/div>\n<div class=\"brz-column__items brz-css-d5IAJ brz-css-o_sUL\">\n<div class=\"brz-wrapper-clone brz-css-lGSKT\">\n<div class=\"brz-d-xs-flex brz-flex-xs-wrap brz-css-eltIw brz-css-m59s0\" data-brz-custom-id>\n<div class=\"brz-wrapper-clone__item\" id=\"mjeklamjppolypdveswivbufdmxhfwypazee\">\n<div class=\"brz-icon__container\" data-brz-custom-id=\"mjeklamjppolypdveswivbufdmxhfwypazee\"><span class=\"brz-icon brz-span brz-css-qUBOY brz-css-oWYrc\"><\/span><\/div>\n<\/div>\n<\/div>\n<\/div>\n<\/div>\n<\/div>\n<div data-brz-iteration-count=\"1\" class=\"brz-columns brz-css-o9sBw brz-css-rCXzf brz-animated brz-css-kiUz5 brz-css-qJMoY\" data-brz-custom-id=\"dyjhspurosqaohinjsezvmhjxbkolpqttcwf\">\n<div class=\"brz-bg\"><\/div>\n<div class=\"brz-column__items brz-css-d5IAJ brz-css-eENog\">\n<div id class=\"brz-css-bho4e brz-css-y_00l brz-wrapper\">\n<div class=\"brz-rich-text brz-rich-text__custom brz-css-rwHyf\" data-brz-custom-id=\"waskzabertpomksqgmcnwmupghxhpoykfnst\">\n<div data-brz-translate-text=\"1\">\n<h4 class=\"brz-mb-lg-5 brz-tp-lg-heading4 brz-mb-xs-0 brz-css-tuU3X\" data-uniq-id=\"zyrvj\" data-generated-css=\"brz-css-waivz\"><span>Nos r\u00e9seaux sociaux<\/span><\/h4>\n<\/div>\n<\/div>\n<\/div>\n<div class=\"brz-wrapper-clone brz-css-lGSKT brz-css-yh2nc\">\n<div class=\"brz-d-xs-flex brz-flex-xs-wrap brz-css-eltIw brz-css-bF7nb\" data-brz-custom-id>\n<div class=\"brz-wrapper-clone__item\" id=\"yqkgfcojgxhfaelitfyxgddslgygqhrrxbsq\">\n<div class=\"brz-icon__container\" data-brz-custom-id=\"yqkgfcojgxhfaelitfyxgddslgygqhrrxbsq\"><a class=\"brz-a\" href=\"http:\/\/www.linkedin.com\/company\/optiriser\" target=\"_blank\" rel=\"noopener\" data-brz-link-type=\"external\"><span class=\"brz-icon brz-span brz-css-qUBOY brz-css-tia0e\"><\/span><\/a><\/div>\n<\/div>\n<div class=\"brz-wrapper-clone__item\" id=\"pciajrvmflyntjlkgizwmetlcxrfrbtugvqd\">\n<div class=\"brz-icon__container\" data-brz-custom-id=\"pciajrvmflyntjlkgizwmetlcxrfrbtugvqd\"><a class=\"brz-a\" href=\"info@optiriser.com\" target=\"_blank\" rel=\"noopener\" data-brz-link-type=\"external\"><span class=\"brz-icon brz-span brz-css-qUBOY brz-css-ml9RU\"><\/span><\/a><\/div>\n<\/div>\n<\/div>\n<\/div>\n<\/div>\n<\/div>\n<\/div>\n<\/div>\n<\/div>\n<\/div>\n<div class=\"brz-columns brz-css-o9sBw brz-css-gPxJJ\" data-brz-custom-id=\"qtyyqwuzcusndoudnezmstfukqebxtzibriz\">\n<div class=\"brz-bg\"><\/div>\n<div class=\"brz-column__items brz-css-d5IAJ brz-css-gR97X\">\n<div id data-brz-iteration-count=\"1\" class=\"brz-css-bho4e brz-wrapper brz-animated brz-css-kv5MZ brz-css-qnlPk\" data-animationid=\"hmzhpbxfldzuphypkyfedtmfmbgahrbrazge\">\n<div class=\"brz-rich-text brz-rich-text__custom brz-css-rwHyf\" data-brz-custom-id=\"lyfgihflwsjlcmkevaqmzjkjbvlngqnwmsbs\">\n<div data-brz-translate-text=\"1\">\n<h2 class=\"brz-tp-lg-heading2 brz-css-ruHG3\" data-uniq-id=\"gkaen\" data-generated-css=\"brz-css-gvvam\"><span>L&#8217;avenir commence avec votre appel. Contactez-nous maintenant et profitez de -15% sur votre premier projet!<\/span><\/h2>\n<\/div>\n<\/div>\n<\/div>\n<div id class=\"brz-css-bho4e brz-css-qSIKp brz-css-jfgnF brz-wrapper\">\n<div class=\"brz-spacer brz-css-y5f3z brz-css-rPaIM\"><\/div>\n<\/div>\n<div id data-brz-iteration-count=\"1\" class=\"brz-css-bho4e brz-wrapper brz-animated brz-css-kv5MZ brz-css-iYfLn\" data-animationid=\"vknsgkfubvvshbgomjhecsxhfxetxodfioiy\">\n<div data-brz-form-version=\"2\" class=\"brz-forms2 brz-css-zBOOj brz-css-iE6jw\" data-brz-custom-id=\"buvgjjjglougfbjhzgrtinrzavplrouiocgn\">\n<div data-brz-translate-text=\"1\" class=\"brz-forms2__item brz-css-nBK_W brz-css-aoPXL brz-css-fwzXP brz-css-bKaG1\"><\/div>\n<div data-brz-translate-text=\"1\" class=\"brz-forms2__item brz-css-nBK_W brz-css-aoPXL brz-css-fwzXP brz-css-wCgOW\"><\/div>\n<div data-brz-translate-text=\"1\" class=\"brz-forms2__item brz-css-nBK_W brz-css-aoPXL brz-css-fwzXP brz-css-w7Im3\"><textarea id=\"tQXuQxv4lpGt\" name=\"gmjeibakefrkrvykyfutpmytrmfhlnhzgwro\" data-brz-type=\"Paragraph\" data-brz-label data-brz-placeholder class=\"brz-textarea brz-forms2__field brz-forms2__field-paragraph\"><\/textarea><\/div>\n<div class=\"brz-forms2 brz-forms2__item brz-forms2__item-button\" data-brz-custom-id=\"buvgjjjglougfbjhzgrtinrzavplrouiocgn\"><button class=\"brz-btn brz-btn-submit brz-css-v9RJw brz-css-imWMJ\" data-brz-custom-id=\"husrrlcojgruuyvdeogpcfkhjbfmvrbcrwdv\"><span data-brz-translate-text=\"1\" class=\"brz-span brz-text__editor\">Envoyer<\/span><\/button>!function(){function t(t){this.element=t,this.animationId,this.start=null,this.init()}if(!window.requestAnimationFrame){var i=null;window.requestAnimationFrame=function(t,n){var e=(new Date).getTime();i||(i=e);var a=Math.max(0,16-(e-i)),o=window.setTimeout(function(){t(e+a)},a);return i=e+a,o}}t.prototype.init=function(){var t=this;this.animationId=window.requestAnimationFrame(t.triggerAnimation.bind(t))},t.prototype.reset=function(){var t=this;window.cancelAnimationFrame(t.animationId)},t.prototype.triggerAnimation=function(t){var i=this;this.start||(this.start=t);var n=t-this.start;504&gt;n||(this.start=this.start+504),this.element.setAttribute(&quot;transform&quot;,&quot;rotate(&quot;+Math.min(n\/1.4,360)+&quot; 12 12)&quot;);if(document.documentElement.contains(this.element))window.requestAnimationFrame(i.triggerAnimation.bind(i))};var n=document.getElementsByClassName(&quot;nc-loop_circle-02-24&quot;),e=[];if(n)for(var a=0;n.length&gt;a;a++)!function(i){e.push(new t(n[i]))}(a);document.addEventListener(&quot;visibilitychange&quot;,function(){&quot;hidden&quot;==document.visibilityState?e.forEach(function(t){t.reset()}):e.forEach(function(t){t.init()})})}();<\/div>\n<\/div>\n<\/div>\n<\/div>\n<\/div>\n<\/div>\n<\/div>\n<div data-brz-iteration-count=\"1\" class=\"brz-wrapper-clone brz-css-lGSKT brz-animated brz-css-kd4VK brz-css-anCKn\" data-animationid=\"gunnlpjwxbgwxurypbkbxvqlagfrqyrhdpwf\">\n<div class=\"brz-d-xs-flex brz-flex-xs-wrap brz-css-eltIw\" data-brz-custom-id>\n<div class=\"brz-wrapper-clone__item\" id=\"bgdhqclipvtbcxjkarrbzjeqknjafxhhoxks\"><a class=\"brz-a brz-btn brz-css-v9RJw\" href=\"www.optiriser.com\" target=\"_self\" rel=\"noopener\" data-brz-link-type=\"external\" data-brz-custom-id=\"bgdhqclipvtbcxjkarrbzjeqknjafxhhoxks\"><span data-brz-translate-text=\"1\" class=\"brz-span brz-text__editor\">Retourner \u00e0 la page d&#8217;accueil<\/span><\/a><\/div>\n<\/div>\n<\/div>\n<\/div>\n<\/div>\n<\/section>\n<\/div>\n<p>    <!-- version:1733241814 --><\/p>\n","protected":false},"excerpt":{"rendered":"<p>T\u00e9l\u00e9phone +212 6 88 29 38 44 Adresse Mohammedia, Maroc. Nos r\u00e9seaux sociaux L&#8217;avenir commence avec votre appel. Contactez-nous maintenant et profitez de -15% sur votre<span class=\"excerpt-hellip\"> [\u2026]<\/span><\/p>\n","protected":false},"author":1,"featured_media":0,"parent":0,"menu_order":0,"comment_status":"open","ping_status":"closed","template":"brizy-blank-template.php","meta":{"_joinchat":[],"footnotes":""},"class_list":["post-15","page","type-page","status-publish","hentry"],"yoast_head":"<!-- This site is optimized with the Yoast SEO plugin v26.6 - https:\/\/yoast.com\/wordpress\/plugins\/seo\/ -->\n<title>Contactez-nous - OptiRiser<\/title>\n<meta name=\"robots\" content=\"index, follow, max-snippet:-1, max-image-preview:large, max-video-preview:-1\" \/>\n<link rel=\"canonical\" href=\"https:\/\/optiriser.com\/?page_id=15\" \/>\n<meta property=\"og:locale\" content=\"en_US\" \/>\n<meta property=\"og:type\" content=\"article\" \/>\n<meta property=\"og:title\" content=\"Contactez-nous - OptiRiser\" \/>\n<meta property=\"og:description\" content=\"T\u00e9l\u00e9phone +212 6 88 29 38 44 Adresse Mohammedia, Maroc. Nos r\u00e9seaux sociaux L&#8217;avenir commence avec votre appel. Contactez-nous maintenant et profitez de -15% sur votre [\u2026]\" \/>\n<meta property=\"og:url\" content=\"https:\/\/optiriser.com\/?page_id=15\" \/>\n<meta property=\"og:site_name\" content=\"OptiRiser\" \/>\n<meta property=\"article:modified_time\" content=\"2024-12-03T16:03:34+00:00\" \/>\n<meta property=\"og:image\" content=\"https:\/\/optiriser.com\/wp-content\/uploads\/2024\/01\/lnk-300x223.png\" \/>\n<meta name=\"twitter:card\" content=\"summary_large_image\" \/>\n<meta name=\"twitter:label1\" content=\"Est. reading time\" \/>\n\t<meta name=\"twitter:data1\" content=\"1 minute\" \/>\n<script type=\"application\/ld+json\" class=\"yoast-schema-graph\">{\"@context\":\"https:\/\/schema.org\",\"@graph\":[{\"@type\":\"WebPage\",\"@id\":\"https:\/\/optiriser.com\/?page_id=15\",\"url\":\"https:\/\/optiriser.com\/?page_id=15\",\"name\":\"Contactez-nous - OptiRiser\",\"isPartOf\":{\"@id\":\"https:\/\/optiriser.com\/#website\"},\"primaryImageOfPage\":{\"@id\":\"https:\/\/optiriser.com\/?page_id=15#primaryimage\"},\"image\":{\"@id\":\"https:\/\/optiriser.com\/?page_id=15#primaryimage\"},\"thumbnailUrl\":\"https:\/\/optiriser.com\/wp-content\/uploads\/2024\/01\/lnk-300x223.png\",\"datePublished\":\"2020-06-22T08:42:40+00:00\",\"dateModified\":\"2024-12-03T16:03:34+00:00\",\"breadcrumb\":{\"@id\":\"https:\/\/optiriser.com\/?page_id=15#breadcrumb\"},\"inLanguage\":\"en-US\",\"potentialAction\":[{\"@type\":\"ReadAction\",\"target\":[\"https:\/\/optiriser.com\/?page_id=15\"]}]},{\"@type\":\"ImageObject\",\"inLanguage\":\"en-US\",\"@id\":\"https:\/\/optiriser.com\/?page_id=15#primaryimage\",\"url\":\"https:\/\/optiriser.com\/wp-content\/uploads\/2024\/01\/lnk.png\",\"contentUrl\":\"https:\/\/optiriser.com\/wp-content\/uploads\/2024\/01\/lnk.png\",\"width\":399,\"height\":297},{\"@type\":\"BreadcrumbList\",\"@id\":\"https:\/\/optiriser.com\/?page_id=15#breadcrumb\",\"itemListElement\":[{\"@type\":\"ListItem\",\"position\":1,\"name\":\"Home\",\"item\":\"https:\/\/optiriser.com\/\"},{\"@type\":\"ListItem\",\"position\":2,\"name\":\"Contactez-nous\"}]},{\"@type\":\"WebSite\",\"@id\":\"https:\/\/optiriser.com\/#website\",\"url\":\"https:\/\/optiriser.com\/\",\"name\":\"OptiRiser\",\"description\":\"\",\"potentialAction\":[{\"@type\":\"SearchAction\",\"target\":{\"@type\":\"EntryPoint\",\"urlTemplate\":\"https:\/\/optiriser.com\/?s={search_term_string}\"},\"query-input\":{\"@type\":\"PropertyValueSpecification\",\"valueRequired\":true,\"valueName\":\"search_term_string\"}}],\"inLanguage\":\"en-US\"}]}<\/script>\n<!-- \/ Yoast SEO plugin. -->","yoast_head_json":{"title":"Contactez-nous - OptiRiser","robots":{"index":"index","follow":"follow","max-snippet":"max-snippet:-1","max-image-preview":"max-image-preview:large","max-video-preview":"max-video-preview:-1"},"canonical":"https:\/\/optiriser.com\/?page_id=15","og_locale":"en_US","og_type":"article","og_title":"Contactez-nous - OptiRiser","og_description":"T\u00e9l\u00e9phone +212 6 88 29 38 44 Adresse Mohammedia, Maroc. Nos r\u00e9seaux sociaux L&#8217;avenir commence avec votre appel. Contactez-nous maintenant et profitez de -15% sur votre [\u2026]","og_url":"https:\/\/optiriser.com\/?page_id=15","og_site_name":"OptiRiser","article_modified_time":"2024-12-03T16:03:34+00:00","og_image":[{"url":"https:\/\/optiriser.com\/wp-content\/uploads\/2024\/01\/lnk-300x223.png","type":"","width":"","height":""}],"twitter_card":"summary_large_image","twitter_misc":{"Est. reading time":"1 minute"},"schema":{"@context":"https:\/\/schema.org","@graph":[{"@type":"WebPage","@id":"https:\/\/optiriser.com\/?page_id=15","url":"https:\/\/optiriser.com\/?page_id=15","name":"Contactez-nous - OptiRiser","isPartOf":{"@id":"https:\/\/optiriser.com\/#website"},"primaryImageOfPage":{"@id":"https:\/\/optiriser.com\/?page_id=15#primaryimage"},"image":{"@id":"https:\/\/optiriser.com\/?page_id=15#primaryimage"},"thumbnailUrl":"https:\/\/optiriser.com\/wp-content\/uploads\/2024\/01\/lnk-300x223.png","datePublished":"2020-06-22T08:42:40+00:00","dateModified":"2024-12-03T16:03:34+00:00","breadcrumb":{"@id":"https:\/\/optiriser.com\/?page_id=15#breadcrumb"},"inLanguage":"en-US","potentialAction":[{"@type":"ReadAction","target":["https:\/\/optiriser.com\/?page_id=15"]}]},{"@type":"ImageObject","inLanguage":"en-US","@id":"https:\/\/optiriser.com\/?page_id=15#primaryimage","url":"https:\/\/optiriser.com\/wp-content\/uploads\/2024\/01\/lnk.png","contentUrl":"https:\/\/optiriser.com\/wp-content\/uploads\/2024\/01\/lnk.png","width":399,"height":297},{"@type":"BreadcrumbList","@id":"https:\/\/optiriser.com\/?page_id=15#breadcrumb","itemListElement":[{"@type":"ListItem","position":1,"name":"Home","item":"https:\/\/optiriser.com\/"},{"@type":"ListItem","position":2,"name":"Contactez-nous"}]},{"@type":"WebSite","@id":"https:\/\/optiriser.com\/#website","url":"https:\/\/optiriser.com\/","name":"OptiRiser","description":"","potentialAction":[{"@type":"SearchAction","target":{"@type":"EntryPoint","urlTemplate":"https:\/\/optiriser.com\/?s={search_term_string}"},"query-input":{"@type":"PropertyValueSpecification","valueRequired":true,"valueName":"search_term_string"}}],"inLanguage":"en-US"}]}},"_links":{"self":[{"href":"https:\/\/optiriser.com\/index.php?rest_route=\/wp\/v2\/pages\/15","targetHints":{"allow":["GET"]}}],"collection":[{"href":"https:\/\/optiriser.com\/index.php?rest_route=\/wp\/v2\/pages"}],"about":[{"href":"https:\/\/optiriser.com\/index.php?rest_route=\/wp\/v2\/types\/page"}],"author":[{"embeddable":true,"href":"https:\/\/optiriser.com\/index.php?rest_route=\/wp\/v2\/users\/1"}],"replies":[{"embeddable":true,"href":"https:\/\/optiriser.com\/index.php?rest_route=%2Fwp%2Fv2%2Fcomments&post=15"}],"version-history":[{"count":5,"href":"https:\/\/optiriser.com\/index.php?rest_route=\/wp\/v2\/pages\/15\/revisions"}],"predecessor-version":[{"id":131,"href":"https:\/\/optiriser.com\/index.php?rest_route=\/wp\/v2\/pages\/15\/revisions\/131"}],"wp:attachment":[{"href":"https:\/\/optiriser.com\/index.php?rest_route=%2Fwp%2Fv2%2Fmedia&parent=15"}],"curies":[{"name":"wp","href":"https:\/\/api.w.org\/{rel}","templated":true}]}}